{"id":1764,"date":"2026-02-02T13:05:45","date_gmt":"2026-02-02T12:05:45","guid":{"rendered":"https:\/\/yakparis.com\/?page_id=1764"},"modified":"2026-02-03T17:09:33","modified_gmt":"2026-02-03T16:09:33","slug":"about-us-3","status":"publish","type":"page","link":"https:\/\/yakparis.fr\/index.php\/about-us-3\/","title":{"rendered":"About Us"},"content":{"rendered":"\t\t<div data-elementor-type=\"wp-page\" data-elementor-id=\"1764\" class=\"elementor elementor-1764\">\n\t\t\t\t<div class=\"elementor-element elementor-element-1de975e e-flex e-con-boxed e-con e-parent\" data-id=\"1de975e\" data-element_type=\"container\">\n\t\t\t\t\t<div class=\"e-con-inner\">\n\t\t<div class=\"elementor-element elementor-element-80cad1d e-con-full animated-fast e-flex elementor-invisible e-con e-child\" data-id=\"80cad1d\" data-element_type=\"container\" data-settings=\"{&quot;background_background&quot;:&quot;classic&quot;,&quot;animation&quot;:&quot;slideInUp&quot;}\">\n\t\t\t\t<div class=\"elementor-element elementor-element-d0bb548 elementor-widget elementor-widget-spacer\" data-id=\"d0bb548\" data-element_type=\"widget\" data-settings=\"{&quot;wdt_animation_effect&quot;:&quot;none&quot;}\" data-widget_type=\"spacer.default\">\n\t\t\t\t\t\t\t<div class=\"elementor-spacer\">\n\t\t\t<div class=\"elementor-spacer-inner\"><\/div>\n\t\t<\/div>\n\t\t\t\t\t\t<\/div>\n\t\t\t\t<\/div>\n\t\t<div class=\"elementor-element elementor-element-8417ac6 e-con-full e-flex e-con e-child\" data-id=\"8417ac6\" data-element_type=\"container\">\n\t\t\t\t<div class=\"elementor-element elementor-element-9485498 elementor-widget__width-initial animated-fast elementor-invisible elementor-widget elementor-widget-wdt-heading\" data-id=\"9485498\" data-element_type=\"widget\" data-settings=\"{&quot;_animation&quot;:&quot;slideInUp&quot;,&quot;wdt_animation_effect&quot;:&quot;none&quot;}\" data-widget_type=\"wdt-heading.default\">\n\t\t\t\t<div class=\"elementor-widget-container\">\n\t\t\t\t\t<div class=\"wdt-heading-holder \" id=\"wdt-heading-9485498\"><h2 class=\"wdt-heading-title-wrapper wdt-heading-title\">Un look unique et extravagant de la nouvelle mode<\/h2><div class=\"wdt-heading-content-wrapper\">Affirmez votre style avec audace gr\u00e2ce \u00e0 notre collection de mode unique et pleine de caract\u00e8re. Que vous aimiez les looks edgy ou les pi\u00e8ces qui font sourire, les possibilit\u00e9s pour exprimer votre style sont infinies \u2014 mais les plus audacieux sont toujours ceux qui brillent le plus. \u2728<\/div><\/div>\t\t\t\t<\/div>\n\t\t\t\t<\/div>\n\t\t\t\t<\/div>\n\t\t\t\t\t<\/div>\n\t\t\t\t<\/div>\n\t\t<div class=\"elementor-element elementor-element-44f1eb5 wdt-sticky-section e-flex e-con-boxed e-con e-parent\" data-id=\"44f1eb5\" data-element_type=\"container\">\n\t\t\t\t\t<div class=\"e-con-inner\">\n\t\t<div class=\"elementor-element elementor-element-90062af e-con-full animated-fast e-flex elementor-invisible e-con e-child\" data-id=\"90062af\" data-element_type=\"container\" data-settings=\"{&quot;background_background&quot;:&quot;classic&quot;,&quot;animation&quot;:&quot;slideInUp&quot;}\">\n\t\t\t\t<div class=\"elementor-element elementor-element-ef46529 elementor-widget elementor-widget-spacer\" data-id=\"ef46529\" data-element_type=\"widget\" data-settings=\"{&quot;wdt_animation_effect&quot;:&quot;none&quot;}\" data-widget_type=\"spacer.default\">\n\t\t\t\t\t\t\t<div class=\"elementor-spacer\">\n\t\t\t<div class=\"elementor-spacer-inner\"><\/div>\n\t\t<\/div>\n\t\t\t\t\t\t<\/div>\n\t\t\t\t<\/div>\n\t\t<div class=\"elementor-element elementor-element-cdb4414 e-con-full animated-fast e-flex elementor-invisible e-con e-child\" data-id=\"cdb4414\" data-element_type=\"container\" data-settings=\"{&quot;animation&quot;:&quot;slideInUp&quot;,&quot;animation_delay&quot;:&quot;200&quot;}\">\n\t\t\t\t<div class=\"elementor-element elementor-element-6263deb elementor-widget__width-initial elementor-widget elementor-widget-wdt-heading\" data-id=\"6263deb\" data-element_type=\"widget\" data-settings=\"{&quot;wdt_animation_effect&quot;:&quot;none&quot;}\" data-widget_type=\"wdt-heading.default\">\n\t\t\t\t<div class=\"elementor-widget-container\">\n\t\t\t\t\t<div class=\"wdt-heading-holder \" id=\"wdt-heading-6263deb\"><h2 class=\"wdt-heading-title-wrapper wdt-heading-title\">Sublimez votre style avec une mode con\u00e7ue pour l'\u00e9l\u00e9gance.<\/h2><div class=\"wdt-heading-content-wrapper\">Sublimez votre garde-robe avec une \u00e9l\u00e9gance intemporelle. Adoptez des looks raffin\u00e9s. La mode moderne allie sophistication et confort, donnant une nouvelle dimension \u00e0 votre style. Des tenues soigneusement s\u00e9lectionn\u00e9es inspirent confiance et mettent en valeur votre go\u00fbt unique. D\u00e9couvrez des tissus haut de gamme, confectionn\u00e9s \u00e0 la perfection. Chaque d\u00e9tail refl\u00e8te l'\u00e9l\u00e9gance, con\u00e7ue pour laisser une impression durable.<\/div><\/div>\t\t\t\t<\/div>\n\t\t\t\t<\/div>\n\t\t\t\t<\/div>\n\t\t\t\t\t<\/div>\n\t\t\t\t<\/div>\n\t\t<div class=\"elementor-element elementor-element-94e6be0 wdt-sticky-section e-flex e-con-boxed e-con e-parent\" data-id=\"94e6be0\" data-element_type=\"container\" data-settings=\"{&quot;background_background&quot;:&quot;classic&quot;}\">\n\t\t\t\t\t<div class=\"e-con-inner\">\n\t\t<div class=\"elementor-element elementor-element-3c46698 e-con-full animated-fast e-flex elementor-invisible e-con e-child\" data-id=\"3c46698\" data-element_type=\"container\" data-settings=\"{&quot;background_background&quot;:&quot;classic&quot;,&quot;animation&quot;:&quot;slideInUp&quot;,&quot;animation_delay&quot;:&quot;200&quot;}\">\n\t\t\t\t<div class=\"elementor-element elementor-element-9b59490 elementor-widget__width-initial elementor-widget elementor-widget-wdt-heading\" data-id=\"9b59490\" data-element_type=\"widget\" data-settings=\"{&quot;wdt_animation_effect&quot;:&quot;none&quot;}\" data-widget_type=\"wdt-heading.default\">\n\t\t\t\t<div class=\"elementor-widget-container\">\n\t\t\t\t\t<div class=\"wdt-heading-holder \" id=\"wdt-heading-9b59490\"><h2 class=\"wdt-heading-title-wrapper wdt-heading-title\">D\u00e9couvrez des tenues \u00e9l\u00e9gantes con\u00e7ues pour les modes de vie modernes.<\/h2><div class=\"wdt-heading-content-wrapper\">Con\u00e7ue pour le confort et l'\u00e9l\u00e9gance, notre mode s'adapte \u00e0 chaque instant. D\u00e9couvrez des looks qui allient travail et loisirs avec un charme naturel. Des tissus haut de gamme garantissent une qualit\u00e9 durable, tandis que des coupes modernes subliment votre allure. Renouvelez votre garde-robe avec des pi\u00e8ces intemporelles, pens\u00e9es pour le rythme de vie actuel. Affirmez votre personnalit\u00e9 en toute confiance gr\u00e2ce \u00e0 une mode qui vous ressemble.<\/div><\/div>\t\t\t\t<\/div>\n\t\t\t\t<\/div>\n\t\t\t\t<\/div>\n\t\t<div class=\"elementor-element elementor-element-79214ba e-con-full e-flex elementor-invisible e-con e-child\" data-id=\"79214ba\" data-element_type=\"container\" data-settings=\"{&quot;background_background&quot;:&quot;classic&quot;,&quot;animation&quot;:&quot;slideInUp&quot;}\">\n\t\t\t\t<div class=\"elementor-element elementor-element-86ddced elementor-widget elementor-widget-spacer\" data-id=\"86ddced\" data-element_type=\"widget\" data-settings=\"{&quot;wdt_animation_effect&quot;:&quot;none&quot;}\" data-widget_type=\"spacer.default\">\n\t\t\t\t\t\t\t<div class=\"elementor-spacer\">\n\t\t\t<div class=\"elementor-spacer-inner\"><\/div>\n\t\t<\/div>\n\t\t\t\t\t\t<\/div>\n\t\t\t\t<\/div>\n\t\t\t\t\t<\/div>\n\t\t\t\t<\/div>\n\t\t<div class=\"elementor-element elementor-element-b1165ed e-flex e-con-boxed e-con e-parent\" data-id=\"b1165ed\" data-element_type=\"container\" data-settings=\"{&quot;background_background&quot;:&quot;classic&quot;}\">\n\t\t\t\t\t<div class=\"e-con-inner\">\n\t\t\t\t<div class=\"elementor-element elementor-element-e37232c animated-fast elementor-invisible elementor-widget elementor-widget-wdt-hotspot\" data-id=\"e37232c\" data-element_type=\"widget\" data-settings=\"{&quot;_animation&quot;:&quot;slideInUp&quot;,&quot;tooltip_trigger&quot;:&quot;click&quot;,&quot;wdt_animation_effect&quot;:&quot;none&quot;}\" data-widget_type=\"wdt-hotspot.default\">\n\t\t\t\t<div class=\"elementor-widget-container\">\n\t\t\t\t\t<div class=\"wdt-hotspot-holder\" data-settings=\"{&quot;tooltipPlacement&quot;:&quot;top&quot;,&quot;tooltipTrigger&quot;:&quot;click&quot;,&quot;tooltipAnimation&quot;:&quot;scale&quot;,&quot;tooltipDelay&quot;:{&quot;unit&quot;:&quot;ms&quot;,&quot;size&quot;:0,&quot;sizes&quot;:[]},&quot;tooltipArrow&quot;:false,&quot;tooltipResponsive&quot;:{&quot;tooltip_trigger&quot;:{&quot;mobile&quot;:&quot;click&quot;,&quot;mobile_extra&quot;:&quot;click&quot;,&quot;tablet&quot;:&quot;click&quot;,&quot;tablet_extra&quot;:&quot;click&quot;,&quot;laptop&quot;:&quot;click&quot;,&quot;desktop&quot;:&quot;click&quot;}}}\"><img fetchpriority=\"high\" decoding=\"async\" width=\"1740\" height=\"740\" src=\"https:\/\/yakparis.fr\/wp-content\/uploads\/2025\/09\/h2-hotspot-Img.jpg\" class=\"attachment-full size-full wp-image-706\" alt=\"h2-hotspot-Img\" srcset=\"https:\/\/yakparis.fr\/wp-content\/uploads\/2025\/09\/h2-hotspot-Img.jpg 1740w, https:\/\/yakparis.fr\/wp-content\/uploads\/2025\/09\/h2-hotspot-Img-1000x425.jpg 1000w\" sizes=\"(max-width: 1740px) 100vw, 1740px\" \/><div class=\"wdt-hotspot-items-holder\"><div class=\"wdt-hotspot-repeater-item elementor-repeater-item-4172c5c \" data-tooltip-position=\"global\" data-tooltip-content=\"&lt;div class=&quot;wdt-hotspot-content&quot;&gt;&lt;h5&gt;Casual jacket&lt;\/h5&gt;&lt;p&gt;$30.00&lt;\/p&gt;&lt;\/div&gt;\" data-tooltip-image=\"&lt;span class=&quot;wdt-hotspot-image&quot;&gt;&lt;div class=&quot;wdt-content-image-wrapper &quot;&gt;&lt;div class=&quot;wdt-content-image&quot;&gt;&lt;span&gt;&lt;img width=&quot;150&quot; height=&quot;114&quot; src=&quot;https:\/\/yakparis.fr\/wp-content\/uploads\/2025\/09\/h2-hotspot-small-Img.jpg&quot; class=&quot;attachment-thumbnail size-thumbnail wp-image-707&quot; alt=&quot;h2-hotspot-small-Img&quot; \/&gt;&lt;\/span&gt;&lt;\/div&gt;&lt;\/div&gt;&lt;\/span&gt;\"><div class=\"wdt-hotspot-item-trigger wdt-hotspot-expand\"><div class=\"wdt-hotspot-item-icon\"><div class=\"wdt-content-icon-wrapper\"><div class=\"wdt-content-icon\"><span><svg aria-hidden=\"true\" class=\"e-font-icon-svg e-fas-circle\" viewBox=\"0 0 512 512\" xmlns=\"http:\/\/www.w3.org\/2000\/svg\"><path d=\"M256 8C119 8 8 119 8 256s111 248 248 248 248-111 248-248S393 8 256 8z\"><\/path><\/svg><\/span><\/div><\/div><\/div><\/div><\/div><div class=\"wdt-hotspot-repeater-item elementor-repeater-item-e30caf0 \" data-tooltip-position=\"global\" data-tooltip-content=\"&lt;div class=&quot;wdt-hotspot-content&quot;&gt;&lt;h5&gt;Elegant Tote Bag&lt;\/h5&gt;&lt;p&gt;$ 32.00&lt;\/p&gt;&lt;\/div&gt;\" data-tooltip-image=\"&lt;span class=&quot;wdt-hotspot-image&quot;&gt;&lt;div class=&quot;wdt-content-image-wrapper &quot;&gt;&lt;div class=&quot;wdt-content-image&quot;&gt;&lt;span&gt;&lt;img width=&quot;136&quot; height=&quot;150&quot; src=&quot;https:\/\/yakparis.fr\/wp-content\/uploads\/2025\/09\/Home2_4_02.jpg&quot; class=&quot;attachment-thumbnail size-thumbnail wp-image-1114&quot; alt=&quot;Home2_4_02&quot; \/&gt;&lt;\/span&gt;&lt;\/div&gt;&lt;\/div&gt;&lt;\/span&gt;\"><div class=\"wdt-hotspot-item-trigger wdt-hotspot-expand\"><div class=\"wdt-hotspot-item-icon\"><div class=\"wdt-content-icon-wrapper\"><div class=\"wdt-content-icon\"><span><svg aria-hidden=\"true\" class=\"e-font-icon-svg e-fas-circle\" viewBox=\"0 0 512 512\" xmlns=\"http:\/\/www.w3.org\/2000\/svg\"><path d=\"M256 8C119 8 8 119 8 256s111 248 248 248 248-111 248-248S393 8 256 8z\"><\/path><\/svg><\/span><\/div><\/div><\/div><\/div><\/div><div class=\"wdt-hotspot-repeater-item elementor-repeater-item-d535c8f \" data-tooltip-position=\"global\" data-tooltip-content=\"&lt;div class=&quot;wdt-hotspot-content&quot;&gt;&lt;h5&gt;Lens Sunglasses&lt;\/h5&gt;&lt;p&gt;$ 45.00&lt;\/p&gt;&lt;\/div&gt;\" data-tooltip-image=\"&lt;span class=&quot;wdt-hotspot-image&quot;&gt;&lt;div class=&quot;wdt-content-image-wrapper &quot;&gt;&lt;div class=&quot;wdt-content-image&quot;&gt;&lt;span&gt;&lt;img width=&quot;136&quot; height=&quot;150&quot; src=&quot;https:\/\/yakparis.fr\/wp-content\/uploads\/2025\/09\/Home2_4_01.jpg&quot; class=&quot;attachment-thumbnail size-thumbnail wp-image-1113&quot; alt=&quot;Home2_4_01&quot; \/&gt;&lt;\/span&gt;&lt;\/div&gt;&lt;\/div&gt;&lt;\/span&gt;\"><div class=\"wdt-hotspot-item-trigger wdt-hotspot-expand\"><div class=\"wdt-hotspot-item-icon\"><div class=\"wdt-content-icon-wrapper\"><div class=\"wdt-content-icon\"><span><svg aria-hidden=\"true\" class=\"e-font-icon-svg e-fas-circle\" viewBox=\"0 0 512 512\" xmlns=\"http:\/\/www.w3.org\/2000\/svg\"><path d=\"M256 8C119 8 8 119 8 256s111 248 248 248 248-111 248-248S393 8 256 8z\"><\/path><\/svg><\/span><\/div><\/div><\/div><\/div><\/div><\/div><\/div>\t\t\t\t<\/div>\n\t\t\t\t<\/div>\n\t\t\t\t\t<\/div>\n\t\t\t\t<\/div>\n\t\t<div class=\"elementor-element elementor-element-f366a6d e-flex e-con-boxed e-con e-parent\" data-id=\"f366a6d\" data-element_type=\"container\" data-settings=\"{&quot;background_background&quot;:&quot;classic&quot;}\">\n\t\t\t\t\t<div class=\"e-con-inner\">\n\t\t<div class=\"elementor-element elementor-element-6c56f84 e-con-full e-flex elementor-invisible e-con e-child\" data-id=\"6c56f84\" data-element_type=\"container\" data-settings=\"{&quot;background_background&quot;:&quot;classic&quot;,&quot;animation&quot;:&quot;slideInUp&quot;}\">\n\t\t\t\t<div class=\"elementor-element elementor-element-3cf3c94 elementor-widget elementor-widget-spacer\" data-id=\"3cf3c94\" data-element_type=\"widget\" data-settings=\"{&quot;wdt_animation_effect&quot;:&quot;none&quot;}\" data-widget_type=\"spacer.default\">\n\t\t\t\t\t\t\t<div class=\"elementor-spacer\">\n\t\t\t<div class=\"elementor-spacer-inner\"><\/div>\n\t\t<\/div>\n\t\t\t\t\t\t<\/div>\n\t\t\t\t<\/div>\n\t\t<div class=\"elementor-element elementor-element-545fd80 e-con-full animated-fast e-flex elementor-invisible e-con e-child\" data-id=\"545fd80\" data-element_type=\"container\" data-settings=\"{&quot;background_background&quot;:&quot;classic&quot;,&quot;animation&quot;:&quot;slideInUp&quot;,&quot;animation_delay&quot;:&quot;200&quot;}\">\n\t\t\t\t<div class=\"elementor-element elementor-element-44de445 elementor-widget-tablet__width-initial elementor-widget__width-inherit elementor-widget elementor-widget-wdt-heading\" data-id=\"44de445\" data-element_type=\"widget\" data-settings=\"{&quot;wdt_animation_effect&quot;:&quot;none&quot;}\" data-widget_type=\"wdt-heading.default\">\n\t\t\t\t<div class=\"elementor-widget-container\">\n\t\t\t\t\t<div class=\"wdt-heading-holder \" id=\"wdt-heading-44de445\"><div class=\"wdt-heading-subtitle-wrapper wdt-heading-subtitle\">notre mission<\/div><h4 class=\"wdt-heading-title-wrapper wdt-heading-title\">Des v\u00eatements d'\u00e9t\u00e9 fabuleux, une mode responsable utilisant des tissus haut de gamme, c\u00e9l\u00e9brant la beaut\u00e9 du design minimaliste.<\/h4><\/div>\t\t\t\t<\/div>\n\t\t\t\t<\/div>\n\t\t\t\t<div class=\"elementor-element elementor-element-4c843cb elementor-widget elementor-widget-wdt-button\" data-id=\"4c843cb\" data-element_type=\"widget\" data-settings=\"{&quot;wdt_animation_effect&quot;:&quot;none&quot;}\" data-widget_type=\"wdt-button.default\">\n\t\t\t\t<div class=\"elementor-widget-container\">\n\t\t\t\t\t<div class=\"wdt-button-holder wdt-template-filled wdt-button-link wdt-button-style-default wdt-button-size-nm wdt-button-icon-after\" id=\"wdt-button-4c843cb\"><a class=\"wdt-button\" href=\"https:\/\/yakparis.com\/#booking\"><span class=\"wdt-button-text\">PRENDRE RENDEZ-VOUS<\/span><\/a><\/div>\t\t\t\t<\/div>\n\t\t\t\t<\/div>\n\t\t\t\t<\/div>\n\t\t\t\t\t<\/div>\n\t\t\t\t<\/div>\n\t\t<div class=\"elementor-element elementor-element-56c2308 e-con-full e-flex e-con e-parent\" data-id=\"56c2308\" data-element_type=\"container\" data-settings=\"{&quot;background_background&quot;:&quot;classic&quot;}\">\n\t\t\t\t<div class=\"elementor-element elementor-element-a47ab0f elementor-invisible elementor-widget elementor-widget-wdt-animation\" data-id=\"a47ab0f\" data-element_type=\"widget\" data-settings=\"{&quot;_animation&quot;:&quot;fadeIn&quot;,&quot;wdt_mqa_direction&quot;:&quot;left-to-right&quot;,&quot;wdt_animation_effect&quot;:&quot;none&quot;}\" data-widget_type=\"wdt-animation.default\">\n\t\t\t\t<div class=\"elementor-widget-container\">\n\t\t\t\t\t<div class=\"wdt-animation-holder \" id=\"wdt-animation-a47ab0f\" data-settings=\"{&quot;direction&quot;:&quot;left-to-right&quot;}\"><div class=\"wdt-animation-wrapper\"><div class=\"wdt-animation-main-marqee left-to-right\"><div class=\"wdt-animation-item text-item\">Confort & \u00e9l\u00e9gance<\/div><div class=\"wdt-animation-item text-item\">Excellence artisanale<\/div><div class=\"wdt-animation-item text-item\">Atelier de couture<\/div><div class=\"wdt-animation-item text-item\">Mode intemporelle<\/div><div class=\"wdt-animation-item text-item\">Service personnalis\u00e9<\/div><div class=\"wdt-animation-item text-item\">Tenues sur commande<\/div><div class=\"wdt-animation-item text-item\">Travail minutieux<\/div><div class=\"wdt-animation-item text-item\">D\u00e9tails soign\u00e9s<\/div><div class=\"wdt-animation-item text-item\">V\u00eatements ajust\u00e9s<\/div><div class=\"wdt-animation-item text-item\">Coupe parfaite<\/div><\/div><div class=\"wdt-animation-cloned-marqee\"><div class=\"wdt-animation-item text-item\">Confort & \u00e9l\u00e9gance<\/div><div class=\"wdt-animation-item text-item\">Excellence artisanale<\/div><div class=\"wdt-animation-item text-item\">Atelier de couture<\/div><div class=\"wdt-animation-item text-item\">Mode intemporelle<\/div><div class=\"wdt-animation-item text-item\">Service personnalis\u00e9<\/div><div class=\"wdt-animation-item text-item\">Tenues sur commande<\/div><div class=\"wdt-animation-item text-item\">Travail minutieux<\/div><div class=\"wdt-animation-item text-item\">D\u00e9tails soign\u00e9s<\/div><div class=\"wdt-animation-item text-item\">V\u00eatements ajust\u00e9s<\/div><div class=\"wdt-animation-item text-item\">Coupe parfaite<\/div><\/div><\/div><\/div>\t\t\t\t<\/div>\n\t\t\t\t<\/div>\n\t\t\t\t<\/div>\n\t\t<div class=\"elementor-element elementor-element-7a8b84b e-flex e-con-boxed e-con e-parent\" data-id=\"7a8b84b\" data-element_type=\"container\" data-settings=\"{&quot;background_background&quot;:&quot;classic&quot;}\">\n\t\t\t\t\t<div class=\"e-con-inner\">\n\t\t<div class=\"wdt-sticky-css wdt-sticky-column-css-ce07e6b wdt-css-sticky-desktop wdt-css-sticky-laptop wdt-css-sticky-tablet wdt-css-sticky-mobile_extra elementor-element elementor-element-ce07e6b e-con-full e-flex elementor-invisible e-con e-child\" data-wdt-settings=\"{&quot;id&quot;:&quot;ce07e6b&quot;,&quot;sticky&quot;:true,&quot;stickyOn&quot;:[&quot;desktop&quot;,&quot;laptop&quot;,&quot;tablet&quot;,&quot;mobile_extra&quot;]}\" data-id=\"ce07e6b\" data-element_type=\"container\" data-settings=\"{&quot;animation&quot;:&quot;slideInUp&quot;}\">\n\t\t\t\t<div class=\"elementor-element elementor-element-f030c48 elementor-widget__width-initial elementor-widget-laptop__width-initial elementor-widget elementor-widget-wdt-heading\" data-id=\"f030c48\" data-element_type=\"widget\" data-settings=\"{&quot;wdt_animation_effect&quot;:&quot;none&quot;}\" data-widget_type=\"wdt-heading.default\">\n\t\t\t\t<div class=\"elementor-widget-container\">\n\t\t\t\t\t<div class=\"wdt-heading-holder \" id=\"wdt-heading-f030c48\"><div class=\"wdt-heading-subtitle-wrapper wdt-heading-subtitle\">Contactez-nous<\/div><h3 class=\"wdt-heading-title-wrapper wdt-heading-title\">Vous avez des questions\u00a0? Notre \u00e9quipe est l\u00e0 pour vous aider<\/h3><div class=\"wdt-heading-content-wrapper\">D\u00e9couvrez l\u2019univers de YakParis, votre atelier de couture sur mesure. Sp\u00e9cialis\u00e9 dans la cr\u00e9ation de v\u00eatements personnalis\u00e9s, YakParis transforme vos envies en pi\u00e8ces uniques, parfaitement adapt\u00e9es \u00e0 votre style, votre morphologie et votre personnalit\u00e9. Composez une garde-robe qui vous ressemble, con\u00e7ue avec pr\u00e9cision, passion et savoir-faire.<\/div><\/div>\t\t\t\t<\/div>\n\t\t\t\t<\/div>\n\t\t<div class=\"elementor-element elementor-element-554876d e-con-full e-flex e-con e-child\" data-id=\"554876d\" data-element_type=\"container\">\n\t\t\t\t<\/div>\n\t\t<div class=\"elementor-element elementor-element-5e0a5c9 e-con-full e-flex e-con e-child\" data-id=\"5e0a5c9\" data-element_type=\"container\">\n\t\t\t\t<div class=\"elementor-element elementor-element-072eb16 elementor-widget elementor-widget-text-editor\" data-id=\"072eb16\" data-element_type=\"widget\" data-settings=\"{&quot;wdt_animation_effect&quot;:&quot;none&quot;}\" data-widget_type=\"text-editor.default\">\n\t\t\t\t\t\t\t\t\t<h5>Nos Horaires :<\/h5>\t\t\t\t\t\t\t\t<\/div>\n\t\t\t\t<div class=\"elementor-element elementor-element-3d5e4ac elementor-list-item-link-inline wdt-cus-text-editor elementor-widget__width-auto elementor-icon-list--layout-traditional elementor-widget elementor-widget-icon-list\" data-id=\"3d5e4ac\" data-element_type=\"widget\" data-settings=\"{&quot;wdt_animation_effect&quot;:&quot;none&quot;}\" data-widget_type=\"icon-list.default\">\n\t\t\t\t\t\t\t<ul class=\"elementor-icon-list-items\">\n\t\t\t\t\t\t\t<li class=\"elementor-icon-list-item\">\n\t\t\t\t\t\t\t\t\t\t\t<span class=\"elementor-icon-list-icon\">\n\t\t\t\t\t\t\t<svg aria-hidden=\"true\" class=\"e-font-icon-svg e-fas-circle\" viewBox=\"0 0 512 512\" xmlns=\"http:\/\/www.w3.org\/2000\/svg\"><path d=\"M256 8C119 8 8 119 8 256s111 248 248 248 248-111 248-248S393 8 256 8z\"><\/path><\/svg>\t\t\t\t\t\t<\/span>\n\t\t\t\t\t\t\t\t\t\t<span class=\"elementor-icon-list-text\">LUNDI - VENDREDI : 10:00 - 19:00<\/span>\n\t\t\t\t\t\t\t\t\t<\/li>\n\t\t\t\t\t\t<\/ul>\n\t\t\t\t\t\t<\/div>\n\t\t\t\t<\/div>\n\t\t\t\t<\/div>\n\t\t<div class=\"elementor-element elementor-element-8df4316 e-con-full animated-fast e-flex elementor-invisible e-con e-child\" data-id=\"8df4316\" data-element_type=\"container\" data-settings=\"{&quot;animation&quot;:&quot;slideInUp&quot;,&quot;animation_delay&quot;:&quot;200&quot;}\">\n\t\t\t\t<div class=\"elementor-element elementor-element-52440dc elementor-widget elementor-widget-shortcode\" data-id=\"52440dc\" data-element_type=\"widget\" data-settings=\"{&quot;wdt_animation_effect&quot;:&quot;none&quot;}\" data-widget_type=\"shortcode.default\">\n\t\t\t\t\t\t\t<div class=\"elementor-shortcode\">\n<div class=\"wpcf7 no-js\" id=\"wpcf7-f35-o1\" lang=\"fr-FR\" dir=\"ltr\" data-wpcf7-id=\"35\">\n<div class=\"screen-reader-response\"><p role=\"status\" aria-live=\"polite\" aria-atomic=\"true\"><\/p> <ul><\/ul><\/div>\n<form action=\"\/index.php\/wp-json\/wp\/v2\/pages\/1764#wpcf7-f35-o1\" method=\"post\" class=\"wpcf7-form init\" aria-label=\"Formulaire de contact\" novalidate=\"novalidate\" data-status=\"init\">\n<fieldset class=\"hidden-fields-container\"><input type=\"hidden\" name=\"_wpcf7\" value=\"35\" \/><input type=\"hidden\" name=\"_wpcf7_version\" value=\"6.1.4\" \/><input type=\"hidden\" name=\"_wpcf7_locale\" value=\"fr_FR\" \/><input type=\"hidden\" name=\"_wpcf7_unit_tag\" value=\"wpcf7-f35-o1\" \/><input type=\"hidden\" name=\"_wpcf7_container_post\" value=\"0\" \/><input type=\"hidden\" name=\"_wpcf7_posted_data_hash\" value=\"\" \/>\n<\/fieldset>\n<p><label> Nom\/Prenom<br \/>\n<span class=\"wpcf7-form-control-wrap\" data-name=\"your-name\"><input size=\"40\" maxlength=\"400\" class=\"wpcf7-form-control wpcf7-text wpcf7-validates-as-required\" autocomplete=\"name\" aria-required=\"true\" aria-invalid=\"false\" value=\"\" type=\"text\" name=\"your-name\" \/><\/span> <\/label>\n<\/p>\n<p><label> email<br \/>\n<span class=\"wpcf7-form-control-wrap\" data-name=\"your-email\"><input size=\"40\" maxlength=\"400\" class=\"wpcf7-form-control wpcf7-email wpcf7-validates-as-required wpcf7-text wpcf7-validates-as-email\" autocomplete=\"email\" aria-required=\"true\" aria-invalid=\"false\" value=\"\" type=\"email\" name=\"your-email\" \/><\/span> <\/label>\n<\/p>\n<p><label> Sujet<br \/>\n<span class=\"wpcf7-form-control-wrap\" data-name=\"your-subject\"><input size=\"40\" maxlength=\"400\" class=\"wpcf7-form-control wpcf7-text wpcf7-validates-as-required\" aria-required=\"true\" aria-invalid=\"false\" value=\"\" type=\"text\" name=\"your-subject\" \/><\/span> <\/label>\n<\/p>\n<p><label> message (optional)<br \/>\n<span class=\"wpcf7-form-control-wrap\" data-name=\"your-message\"><textarea cols=\"40\" rows=\"10\" maxlength=\"2000\" class=\"wpcf7-form-control wpcf7-textarea\" aria-invalid=\"false\" name=\"your-message\"><\/textarea><\/span> <\/label>\n<\/p>\n<p><input class=\"wpcf7-form-control wpcf7-submit has-spinner\" type=\"submit\" value=\"Submit\" \/>\n<\/p><div class=\"wpcf7-response-output\" aria-hidden=\"true\"><\/div>\n<\/form>\n<\/div>\n<\/div>\n\t\t\t\t\t\t<\/div>\n\t\t\t\t<\/div>\n\t\t\t\t\t<\/div>\n\t\t\t\t<\/div>\n\t\t\t\t<\/div>\n\t\t","protected":false},"excerpt":{"rendered":"<p>Un look unique et extravagant de la nouvelle mode Affirmez votre style avec audace gr\u00e2ce \u00e0 notre collection de mode unique et pleine de caract\u00e8re. Que vous aimiez les looks edgy ou les pi\u00e8ces qui font sourire, les possibilit\u00e9s pour exprimer votre style sont infinies \u2014 mais les plus audacieux sont toujours ceux qui brillent [&hellip;]<\/p>\n","protected":false},"author":1,"featured_media":0,"parent":0,"menu_order":0,"comment_status":"closed","ping_status":"closed","template":"elementor_header_footer","meta":{"_monsterinsights_skip_tracking":false,"_monsterinsights_sitenote_active":false,"_monsterinsights_sitenote_note":"","_monsterinsights_sitenote_category":0,"footnotes":""},"class_list":["post-1764","page","type-page","status-publish","hentry"],"aioseo_notices":[],"_links":{"self":[{"href":"https:\/\/yakparis.fr\/index.php\/wp-json\/wp\/v2\/pages\/1764","targetHints":{"allow":["GET"]}}],"collection":[{"href":"https:\/\/yakparis.fr\/index.php\/wp-json\/wp\/v2\/pages"}],"about":[{"href":"https:\/\/yakparis.fr\/index.php\/wp-json\/wp\/v2\/types\/page"}],"author":[{"embeddable":true,"href":"https:\/\/yakparis.fr\/index.php\/wp-json\/wp\/v2\/users\/1"}],"replies":[{"embeddable":true,"href":"https:\/\/yakparis.fr\/index.php\/wp-json\/wp\/v2\/comments?post=1764"}],"version-history":[{"count":15,"href":"https:\/\/yakparis.fr\/index.php\/wp-json\/wp\/v2\/pages\/1764\/revisions"}],"predecessor-version":[{"id":1884,"href":"https:\/\/yakparis.fr\/index.php\/wp-json\/wp\/v2\/pages\/1764\/revisions\/1884"}],"wp:attachment":[{"href":"https:\/\/yakparis.fr\/index.php\/wp-json\/wp\/v2\/media?parent=1764"}],"curies":[{"name":"wp","href":"https:\/\/api.w.org\/{rel}","templated":true}]}}